Is 63887 composite?
True
Is 1840994 prime?
False
Is 81449 composite?
True
Is 31741 a composite number?
False
Is 3907 a prime number?
True
Is 34739 composite?
False
Is 7627 prime?
False
Is 130681 a prime number?
True
Is 844841 prime?
True
Is 10399 prime?
True
Is 781582 a composite number?
True
Is 360481 prime?
False
Is 29033 a composite number?
False
Is 224881 a composite number?
False
Is 77681 composite?
False
Is 301811 a prime number?
False
Is 1057493 a composite number?
False
Is 87983 prime?
False
Is 22934 a prime number?
False
Is 38593 prime?
True
Is 46022 prime?
False
Is 93953 a composite number?
True
Is 901739 composite?
False
Is 23915 prime?
False
Is 440123 composite?
True
Is 557663 prime?
True
Is 2761 a prime number?
False
Is 38029 a composite number?
True
Is 862097 prime?
True
Is 38039 a prime number?
True
Is 14359 a composite number?
True
Is 176361 a prime number?
False
Is 1915269 composite?
True
Is 19813 a prime number?
True
Is 517 composite?
True
Is 61879 prime?
True
Is 4189 a prime number?
False
Is 211691 a prime number?
True
Is 130867 a composite number?
True
Is 6491 a composite number?
False
Is 565 a prime number?
False
Is 104491 prime?
True
Is 371117 a composite number?
True
Is 184463 prime?
True
Is 11047 composite?
False
Is 8801 a composite number?
True
Is 2203541 a composite number?
False
Is 332817 a composite number?
True
Is 111409 prime?
True
Is 199883 prime?
False
Is 32999 prime?
True
Is 536609 a composite number?
False
Is 552139 a composite number?
True
Is 171219 composite?
True
Is 55687 a composite number?
True
Is 158495 a composite number?
True
Is 77053 composite?
True
Is 86923 a prime number?
True
Is 707543 composite?
False
Is 14447 a composite number?
False
Is 1087 composite?
False
Is 14971 a composite number?
True
Is 1657 composite?
False
Is 171851 a composite number?
False
Is 149779 a prime number?
False
Is 419203 a prime number?
False
Is 1115 a composite number?
True
Is 20059 a composite number?
True
Is 443431 a prime number?
True
Is 2852249 a composite number?
False
Is 1488293 prime?
False
Is 2554 prime?
False
Is 698891 composite?
False
Is 42719 a composite number?
False
Is 3103 a composite number?
True
Is 144341 composite?
False
Is 295693 a prime number?
True
Is 387137 composite?
False
Is 929911 prime?
False
Is 265789 prime?
False
Is 17279 a prime number?
False
Is 56227 a prime number?
False
Is 987205 a prime number?
False
Is 141619 prime?
True
Is 40993 composite?
False
Is 28159 a composite number?
True
Is 246629 composite?
True
Is 1094309 a composite number?
True
Is 52549 composite?
True
Is 46663 prime?
True
Is 8913 prime?
False
Is 167327 composite?
True
Is 13331 composite?
False
Is 42379 a composite number?
False
Is 19009 composite?
False
Is 102521 a composite number?
True
Is 53717 composite?
False
Is 55763 prime?
True
Is 43933 composite?
False
Is 513889 prime?
False
Is 838063 a prime number?
True
Is 1067 prime?
False
Is 792953 prime?
False
Is 943773 prime?
False
Is 453943 composite?
True
Is 7723 a composite number?
False
Is 4971 composite?
True
Is 11857 a prime number?
False
Is 137927 a composite number?
False
Is 11114 prime?
False
Is 589718 composite?
True
Is 982 prime?
False
Is 383767 a prime number?
True
Is 19385 a prime number?
False
Is 2321 composite?
True
Is 211049 prime?
True
Is 501127 a prime number?
False
Is 83791 a prime number?
True
Is 674647 prime?
True
Is 107197 a composite number?
False
Is 7829 a composite number?
False
Is 1921967 a composite number?
False
Is 296117 prime?
True
Is 127615 a composite number?
True
Is 7941 prime?
False
Is 525641 composite?
False
Is 162209 a composite number?
False
Is 77489 composite?
False
Is 311603 a composite number?
False
Is 13207 composite?
True
Is 1301581 a composite number?
False
Is 1119221 a composite number?
False
Is 3197 composite?
True
Is 55999 a composite number?
True
Is 803 a composite number?
True
Is 2222641 a composite number?
True
Is 144161 prime?
True
Is 7639 composite?
False
Is 18203 prime?
False
Is 335791 a composite number?
True
Is 95813 a composite number?
False
Is 108761 prime?
True
Is 7615 prime?
False
Is 79766 prime?
False
Is 15823 a composite number?
False
Is 4739 prime?
False
Is 3607 a prime number?
True
Is 772733 composite?
True
Is 26079 a composite number?
True
Is 10637 a prime number?
False
Is 258563 a composite number?
False
Is 302674 prime?
False
Is 31303 a prime number?
False
Is 25151 prime?
False
Is 18007 a prime number?
False
Is 46961 prime?
False
Is 186469 prime?
True
Is 25859 prime?
False
Is 394601 prime?
True
Is 55849 a composite number?
False
Is 101627 composite?
False
Is 2238011 a prime number?
True
Is 91733 a composite number?
False
Is 34851 a composite number?
True
Is 19417 composite?
False
Is 23791 a prime number?
False
Is 654035 prime?
False
Is 52163 prime?
True
Is 1471359 a prime number?
False
Is 5639 composite?
False
Is 6353 a prime number?
True
Is 21259 prime?
False
Is 12421 a prime number?
True
Is 1169 a composite number?
True
Is 3137777 a composite number?
False
Is 716791 composite?
True
Is 130791 a prime number?
False
Is 231131 a prime number?
True
Is 1284737 prime?
True
Is 403159 prime?
True
Is 9197 prime?
False
Is 149671 composite?
True
Is 3433 a composite number?
False
Is 28007 composite?
True
Is 9181 a prime number?
True
Is 131507 a prime number?
True
Is 34051 composite?
True
Is 1313 a composite number?
True
Is 18391 a prime number?
False
Is 72151 a composite number?
True
Is 408251 a composite number?
False
Is 225773 prime?
False
Is 1073641 prime?
False
Is 851 prime?
False
Is 14995 a prime number?
False
Is 781097 composite?
True
Is 745301 prime?
True
Is 17657 prime?
True
Is 6287 a composite number?
False
Is 1361 a composite number?
False
Is 174137 composite?
False
Is 12737 a composite number?
True
Is 428777 prime?
True
Is 1214003 composite?
True
Is 35911 composite?
False
Is 17011 a composite number?
False
Is 3541 a prime number?
True
Is 388081 prime?
True
Is 23093 a prime number?
False
Is 66221 composite?
False
Is 179203 composite?
False
Is 136337 prime?
True
Is 9989 a composite number?
True
Is 10655 a prime number?
False
Is 33191 a prime number?
True
Is 38945 a prime number?
False
Is 2789 a composite number?
False
Is 2702165 composite?
True
Is 16607 a composite number?
False
Is 16817 composite?
True
Is 5147 a composite number?
False
Is 7451 composite?
False
Is 53917 a prime number?
True
Is 899 a prime number?
False
Is 76991 a composite number?
False
Is 75289 composite?
False
Is 1264327 a prime number?
False
Is 285697 prime?
True
Is 6547 a composite number?
False
Is 352487 composite?
True
Is 1721 composite?
False
Is 14765 a prime number?
False
Is 95198 composite?
True
Is 7531 prime?
False
Is 174137 composite?
False
Is 3761 composite?
False
Is 771329 a composite number?
True
Is 624347 a prime number?
True
Is 1681 composite?
True
Is 809 prime?
True
Is 28802 prime?
False
Is 343481 prime?
True
Is 18799 a composite number?
True
Is 207881 composite?
True
Is 312161 a composite number?
False
Is 11341 a prime number?
False
Is 2186365 composite?
True
Is 21869 a composite number?
True
Is 22702 a composite number?
True
Is 35339 a composite number?
False
Is 64063 a prime number?
True
Is 49811 a composite number?
False
Is 431399 a composite number?
False
Is 797 a composite number?
False
Is 18041 prime?
True
Is 18113 prime?
False
Is 1753 prime?
True
Is 25059 a prime number?
False
Is 46219 a prime number?
True
Is 80747 a composite number?
False
Is 26921 prime?
True
Is 12421 prime?
True
Is 98554 a prime number?
False
Is 43637 a composite number?
True
Is 154351 composite?
False
Is 587 a composite number?
False
Is 293 a prime number?
True
Is 346 a composite number?
True
Is 7639 composite?
False
Is 63311 a prime number?
True
Is 4597 composite?
False
Is 44839 composite?
False
Is 200063 composite?
False
Is 260123 composite?
True
Is 381197 prime?
False
Is 367585 a prime number?
False
Is 1541 a composite number?
True
Is 31873 a prime number?
True
Is 12479 composite?
False
Is 35897 a prime number?
True
Is 6983 a prime number?
True
Is 128047 a prime number?
True
Is 51323 a prime number?
False
Is 1689 composite?
True
Is 30605 a prime number?
False
Is 14451 a prime number?
False
Is 244391 prime?
False
Is 173291 a composite number?
False
I